Calculate the remainder when b is divided by z.
21
Suppose 0 = -3*d + 4*p + 1936, 0*d + 2*p - 1930 = -3*d. Suppose -3*s - 11*s = -d. Calculate the remainder when s is divided by 24.
22
Calculate the remainder when 35 is divided by (1 - 1272/(-108)) + 2/9.
9
Suppose 0 = -2*j + 4*j - 52. Let o = 221 + -119. Calculate the remainder when o is divided by j.
24
Suppose -116 = 3*w + 73. Calculate the remainder when 251 is divided by ((-1)/(15/w))/((-1)/(-10)).
41
Let x = 330 - 226. Suppose -5*h = 4*a - 102, -6*a + 3*a = 5*h - x. Suppose 4*w = -2*y, 2*w + 4 = -2. What is the remainder when h is divided by y?
4
Suppose 3*r = 5*r - 18. Suppose -w + r + 5 = 0. Calculate the remainder when ((-715)/(-13))/(-1 + 2) is divided by w.
13
Suppose 3*n = -0*u - 4*u + 673, u - 173 = 4*n. Let y be u + (-2)/((-8)/12). What is the remainder when -4 + y/(1 + 3) is divided by 21?
18
Let f(j) = -7*j - 135. Calculate the remainder when f(-20) is divided by 1.
0
Let j = -100 + 135. Calculate the remainder when 173 is divided by j.
33
Let z be -2 - 1*-7*1. Suppose 0 = 3*l - i - 158, 0 = 4*l + z*i - 68 - 111. Calculate the remainder when l is divided by (5 - (-3 + 47))*7/(-21).
12
Calculate the remainder when 29 is divided by -19 + 22 + 5*1.
5
Let z(p) be the first derivative of p**4/4 - 8*p**3/3 - 5*p**2 + 11*p - 3. What is the remainder when z(9) is divided by 2?
0
Let p(g) = g + 6. Let d be p(-2). Suppose -3*n - d*n = -210. Calculate the remainder when n is divided by 8.
6
Let r = 285 - 143. Let d = r - 26. What is the remainder when d is divided by 30?
26
Let r = -2041 - -2123. Calculate the remainder when r is divided by 49.
33
Suppose 33 = -2*i + 2*a + 1, 2*a + 94 = -4*i. Let v = -7 - i. What is the remainder when 83 is divided by v?
13
Let m = -20 - -29. Let o(n) = n**2 + 5*n - 5. Let c(g) = g - 1. Let l(a) = -5*c(a) + o(a). What is the remainder when l(-5) is divided by m?
7
Let a(j) = -j**3 + 9*j**2 + 10*j + 12. Suppose -2*l = -0*l - 20. Suppose 18*t = -60 + 690. What is the remainder when t is divided by a(l)?
11
Suppose 2*v = m - 41, -5*m = -2*m - 2*v - 107. Calculate the remainder when 109 is divided by m.
10
Suppose -5*i - k = 4*k - 635, -5*i = -k - 665. Calculate the remainder when i is divided by 59.
14
Suppose 408 = -5*r - 2*o, -2*r + o - 80 = 85. Calculate the remainder when -4*3/12*r is divided by 17.
14
Let q(h) = 2*h**2 - 28*h - 78. Calculate the remainder when 53 is divided by q(-3).
5
Suppose 0 = 4*s - s - 6. Suppose 0 = s*z + 2*z - 20. Suppose 3*h + z*p = 66, h + 2*p - p = 20. Calculate the remainder when h is divided by 5.
2
Let s(h) be the first derivative of -h**4/4 + 3*h**3 + 3*h**2 - h - 15. Calculate the remainder when s(9) is divided by 18.
17
Suppose 4*r + r - 4*b = 30, 0 = -5*r - 5*b + 30. Suppose 0*u = r*u - 126. What is the remainder when 61 is divided by u?
19
Let k = 691 - 583. Calculate the remainder when k is divided by 31.
15
What is the remainder when (-7)/(-28) - (-2469)/12 is divided by 27?
17
Let w(f) = 3*f**3 + f**2 - 5*f + 10. Calculate the remainder when w(3) is divided by 10.
5
What is the remainder when -29 - -29 - (1 + -87) is divided by (-186)/(-10) - 12/(-30)?
10
Let h = 475 + -302. Calculate the remainder when h is divided by 63.
47
Suppose 3*r + 1245 = 8*r. Suppose 0*a = -3*a + r. Let l = -28 - -49. What is the remainder when a is divided by l?
20
Suppose -925 = -53*s + 877. Calculate the remainder when s is divided by 8.
2
Calculate the remainder when 8/(-12) + 4774/42 is divided by 20.
13
Let m = -4 + 3. Let l(k) = -26*k - 2. Suppose 3 = b, 3*z = 2*b + 12 + 3. Calculate the remainder when l(m) is divided by z.
3
What is the remainder when 9/2*(-5200)/(-156) is divided by 19?
17
Let w(z) = z**3 - 12*z**2 + 27*z + 37. What is the remainder when w(13) is divided by 9?
8
Let f = 11 + 0. Let z = 244 + -224. What is the remainder when z is divided by f - 2 - (1 + 1)?
6
Suppose 0 = 24*f - 1821 - 20811. What is the remainder when f is divided by 15?
13
Let y(x) = 2*x**3 - 3*x**2 - 2*x. Suppose -5*l + 9 = -2*l. Let v = 34 + 6. What is the remainder when v is divided by y(l)?
19
Let l(m) = 6*m**3 + 2*m - 2. Calculate the remainder when 23 is divided by l(1).
5
Let p = -786 + 819. Calculate the remainder when p is divided by 2/(-8) - 58/(-8).
5
Let w = -79 - -188. Let z = 166 - w. Calculate the remainder when 111 is divided by z/(-12)*(-8 + 4).
16
Let k = -2 - -2. Let l be ((-5)/2)/5 - (-108)/24. Suppose q = 2*n + 23, -5*q - l*n - n + 145 = k. What is the remainder when q is divided by 10?
7
Let s(j) = 12*j**2 + 2*j + 1. Let f = 179 - 143. What is the remainder when f is divided by s(-1)?
3
Calculate the remainder when 316 is divided by 3 + 2/4*34.
16
Suppose -4 = 2*z - 56. Calculate the remainder when (1 + 2)/3*127 is divided by z.
23
Let i(a) = -5*a - 42. Let z(f) = 25*f + 209. Let x(q) = -11*i(q) - 2*z(q). Calculate the remainder when x(16) is divided by 42.
40
Suppose 0 = -3*m - 5*u + 30 + 240, -5*u - 205 = -2*m. Let o = m + -60. Calculate the remainder when o is divided by 9.
8
Let a(t) = -t**2 - 3*t + 28. What is the remainder when a(0) is divided by 16?
12
Let z(b) = -b**3 + 6*b**2 - 2*b + 7. Let c = 45 - 41. Suppose t = 5*i - 36, i + 5*t + c = 4*i. What is the remainder when z(5) is divided by i?
6
Let i = -147 - -156. Suppose 52 = i*d - 29. What is the remainder when 44 is divided by d?
8
Let g = -70 - -67. Calculate the remainder when 9/((-8)/(-6)*g/(-12)) is divided by 14.
13
Let c = -16 + 23. Suppose c*o = 18 - 4. Suppose i + 9 = 5*p, 2*p - i = -3*i - 6. Calculate the remainder when o is divided by p.
0
Calculate the remainder when 1/(1 - 876/879) is divided by 37.
34
Suppose 0 = 2*q + 10, -2*x - 3*q + 24 = -9. Suppose -26*z + 22*z = -180. What is the remainder when z is divided by x?
21
What is the remainder when 67 is divided by 4/2*36/(-7 + 11)?
13
Let c(j) be the first derivative of -j**2 - 16*j - 6. What is the remainder when 16 is divided by c(-9)?
0
Suppose -i + 2*l - 774 = -5*i, 4*l = 4*i - 744. Suppose -152 = -3*d + 5*q, 0 = 2*d - 6*d - 5*q + i. Calculate the remainder when d is divided by 17.
15
Suppose -2*a = u - 2*u + 118, -5*a = 4*u - 407. Calculate the remainder when u is divided by 19.
13
Suppose r + 1 = 5. Let t(k) = 22*k**3 + 2*k - 1. Let n be t(1). Suppose -3*q = 3*m - 39, -4*q - n = -5*q + r*m. What is the remainder when q is divided by 8?
7
Suppose 3 = 2*o - 9. Suppose 0*t = 3*k + 2*t - 13, -t = -3*k + 16. Suppose -2*v = -k*v + 63. What is the remainder when v is divided by o?
3
Let b(z) = z**2 - 6*z + 12. Let w be b(2). Suppose 0*k - w*k = -48. Calculate the remainder when 21 is divided by k.
9
Let g be (3 - 4)/(6/30). What is the remainder when (-44)/((-10)/g)*4/(-2) is divided by 15?
14
Suppose -2*x - 2*c = -4*x + 758, -9 = 3*c. Suppose 6*b = 2*b + x. Calculate the remainder when b is divided by 32.
30
Let d(u) = 6*u**2 - 17*u - 5. Let n(o) = 5*o**2 - 16*o - 5. Let j(r) = -6*d(r) + 7*n(r). Calculate the remainder when 5 is divided by j(-9).
1
Let b = 141 + -28. Let o = b - 63. Calculate the remainder when 347 is divided by o.
47
Suppose 1479*n - 1478*n - 65 = 0. What is the remainder when 78 is divided by n?
13
Let o(y) = 5*y + 6*y - 5*y - 63 + 13*y + y**2. What is the remainder when 17 is divided by o(-22)?
2
Suppose -4*l - 9 + 49 = 0. Suppose -4*i + 5 = -7. Suppose -4*o + 92 = 4*k, i*o - 3*k + 41 = 5*o. What is the remainder when o is divided by l?
8
Let g = 1554 + -1360. Calculate the remainder when g is divided by 13.
12
Let k be -12 + 8/2*1. Let i = 38 - k. Calculate the remainder when i is divided by 16.
14
Let q = 147 + -136. Let y = 46 + -16. Calculate the remainder when y is divided by q.
8
Let l = 799 + -592. Calculate the remainder when l is divided by 69.
0
Let p(m) = -17*m - 14. Let l be (-1)/(-3) + 1*14/(-6). What is the remainder when 95 is divided by p(l)?
15
Let l = 1483 - 911. What is the remainder when l is divided by 41?
39
Let h = 1008 - 930. What is the remainder when 248 is divided by h?
14
Let g = 43 + -16. Suppose -2*p - 5*y = 3*p - 100, 0 = 5*p - 5*y - 50. What is the remainder when g is divided by p?
12
Suppose 5*n = -3*w + 159, 5*n + 352 = 5*w + 47. Calculate the remainder when 1 + w*2 - (2 - 4) is divided by 20.
19
Let q = 159 + 31. Suppose 3*d = 8*d - q. Calcula